- 18. Calculate w(-10).
2
Let n(x) = -17*x - 137. Calculate n(-17).
152
Let x(b) = -52*b**3 + 6*b**2 + 3*b - 5. Determine x(1).
-48
Let g(m) = -2*m**2 - 94*m + 990. Give g(-56).
-18
Let b(x) = -72*x - 7850. Give b(-109).
-2
Let u(v) = v**3 - 11*v**2 + 3*v + 13. Determine u(11).
46
Let m(y) = -146*y**2 + 4234*y + 5. Determine m(29).
5
Let y(f) = f**2 - f - 19. Calculate y(4).
-7
Let c(a) = -11*a + 222. Calculate c(20).
2
Let s(n) = 78*n**2 - 312*n + 1. Give s(4).
1
Let d(q) = -71*q + 919. What is d(13)?
-4
Let b(u) = 11*u**3 + 10*u**2 + 14*u - 9. Give b(-3).
-258
Let j(h) = 28*h - 9. Determine j(-12).
-345
Let m(x) = -6*x**3 + 177*x**2 - 992*x + 40. Give m(22).
-4
Let r(c) = c**3 + 52*c**2 + 55*c + 191. Calculate r(-51).
-13
Let v(w) = -91*w - 11. Give v(0).
-11
Let h(t) = -34*t - 452. Give h(-11).
-78
Let j(r) = -r**3 - 69*r**2 - 257*r + 22. Give j(-65).
-173
Let r(l) = 2*l**3 - 142*l**2 - 146*l + 152. What is r(72)?
8
Let b(m) = 100*m - 309. Give b(3).
-9
Let n(p) = -84*p - 6467. Give n(-77).
1
Let j(t) = -2*t**2 - 455*t - 22727. Calculate j(-74).
-9
Let s(g) = -9*g + 145. What is s(0)?
145
Let t(a) = -169*a + 26202. Give t(155).
7
Let o(b) = 73*b + 2287. What is o(-36)?
-341
Let j(k) = -2*k**3 + 54*k**2 + 118*k - 32. Calculate j(29).
26
Let y(j) = j**3 + 12*j**2 + 56*j + 315. Calculate y(-9).
54
Let u(h) = -4*h**3 - 19*h**2 + 108*h + 33. Determine u(-8).
1
Let i(u) = 41*u + 670. Give i(-16).
14
Let p(w) = -967*w + 988. What is p(1)?
21
Let o(n) = 5*n**2 + 36*n - 24. What is o(-8)?
8
Let q(f) = -220*f + 1215. What is q(6)?
-105
Let r(b) = -305*b - 214. Determine r(-1).
91
Let w(y) = -y**2 + 27*y - 16. Give w(24).
56
Let y(q) = 20*q + 321. Determine y(-18).
-39
Let x(f) = 15*f**3 - 432*f**2 - 91*f + 122. What is x(29)?
6
Let z(k) = -2*k**3 + 6*k**2 - 8*k + 17. What is z(5)?
-123
Let t(h) = -h**3 + 31*h**2 + 9*h + 251. What is t(31)?
530
Let i(w) = 16*w**2 - 20*w + 23. Give i(4).
199
Let n(g) = -2*g**2 + 16*g + 36. Give n(10).
-4
Let j(d) = -d**2 + d - 28. Give j(9).
-100
Let x(h) = -10*h**2 - 19*h + 14. What is x(4)?
-222
Let j(k) = -3*k**3 + 261*k**2 + 254*k + 906. What is j(88)?
26
Let o(v) = -91*v**3 + 8*v**2 - 9*v. Determine o(1).
-92
Let i(b) = b**3 + b**2 + 9*b - 151. What is i(0)?
-151
Let z(q) = -q**3 + 41*q**2 - 32*q - 278. Determine z(40).
42
Let r(w) = 14498*w - 14492. Calculate r(1).
6
Let g(s) = 11*s**2 - 964*s + 4215. Calculate g(83).
-18
Let v(r) = -r**2 + 504*r - 5905. Determine v(12).
-1
Let h(l) = l**2 + 51*l - 128. Calculate h(-50).
-178
Let q(t) = -83*t**2 - 9794*t - 22. Calculate q(-118).
-22
Let w(o) = o**2 - 17*o + 88. What is w(17)?
88
Let r(u) = 1084*u + 31436. Determine r(-29).
0
Let z(p) = -p**3 + 57*p**2 + 382*p - 250. What is z(63)?
2
Let k(f) = 139*f - 979. What is k(7)?
-6
Let m(l) = -l**3 + 9*l**2 - 72*l + 654. Give m(9).
6
Let z(t) = 11*t + 251. Determine z(-35).
-134
Let v(q) = -45*q**2 - 187*q + 496. Calculate v(-6).
-2
Let y(w) = -40*w - 1227. Calculate y(-36).
213
Let f(z) = 60*z**2 + 449*z - 8. Determine f(-8).
240
Let s(x) = 126*x**2 - 1220*x - 400. Calculate s(10).
0
Let t(f) = 3*f**2 - 327*f + 8255. Determine t(40).
-25
Let n(g) = 25*g - 204. What is n(5)?
-79
Let j(t) = -356*t**2 + 42*t + 46. Calculate j(-1).
-352
Let r(a) = -88*a - 16643. Determine r(-189).
-11
Let m(u) = -345*u - 7936. Calculate m(-23).
-1
Let x(k) = k**3 + 8*k**2 + 18*k + 10. Determine x(-5).
-5
Let v(i) = i**2 - 19*i + 74. Determine v(5).
4
Let n(z) = z**3 + 13*z**2 - 25*z - 346. What is n(-12)?
98
Let q(c) = -35*c**2 - 221*c + 5. Determine q(-6).
71
Let t(u) = u**3 + 21*u**2 + 29*u + 1103. What is t(-22)?
-19
Let g(w) = -3*w**2 + 110*w. What is g(35)?
175
Let x(a) = 2*a**2 + 111*a + 883. Determine x(-46).
9
Let s(u) = 2*u**2 - 34*u - 549. Calculate s(-10).
-9
Let g(a) = a - 76. What is g(-61)?
-137
Let r(s) = 2*s**2 - 187*s + 2359. Give r(15).
4
Let p(u) = -9*u**2 + 232*u + 7. What is p(0)?
7
Let u(o) = 4305*o - 30139. Calculate u(7).
-4
Let k(m) = -2*m**2 - 5*m - 20. What is k(-3)?
-23
Let x(h) = -h**2 - 87*h - 362. Calculate x(-5).
48
Let j(x) = -126*x + 3266. Give j(26).
-10
Let b(j) = 2*j**3 + 9*j**2 + 3*j + 3. What is b(-5)?
-37
Let k(x) = -220*x + 1337. Give k(6).
17
Let d(p) = -2*p**3 + 192*p**2 + 15*p - 1442. Calculate d(96).
-2
Let r(f) = f**3 - 2*f**2 + 4*f + 173. Determine r(0).
173
Let a(b) = -56*b**2 - 6219*b - 333. Give a(-111).
0
Let g(w) = -w**2 - 103*w - 1386. What is g(-16)?
6
Let q(j) = -j + 7. What is q(13)?
-6
Let q(s) = -2*s**3 - 16*s**2 + 35*s + 15. Determine q(-11).
356
Let d(c) = 34*c - 188. Determine d(6).
16
Let w(b) = -b**2 + 52*b + 332. Give w(-6).
-16
Let j(y) = -16*y**3 - y**2 - 2*y + 5. What is j(2)?
-131
Let h(t) = -10*t + 97. Determine h(6).
37
Let d(f) = -84*f - 6547. Give d(-78).
5
Let y(c) = -10*c**2 + 468*c + 94. Calculate y(47).
0
Let g(q) = 3*q**3 - 21*q**2 + 52*q - 6. Determine g(3).
42
Let a(s) = s**3 - s**2 + 2*s - 71. What is a(0)?
-71
Let y(j) = 17*j**3 + 95*j**2 + 107*j. Calculate y(-4).
4
Let k(x) = 94*x + 2077. Give k(-24).
-179
Let x(p) = 560*p - 3926. Calculate x(7).
-6
Let u(v) = -23*v + 65. Calculate u(3).
-4
Let l(c) = 50*c + 1022. Calculate l(-23).
-128
Let h(k) = k**3 - 8*k**2 - k + 6. Determine h(3).
-42
Let b(t) = -t**3 - 16*t**2 + 9*t - 102. What is b(-17)?
34
Let b(w) = 4*w**2 + 101*w + 45. Give b(-24).
-75
Let z(d) = -8*d**3 - 692*d**2 + 1056*d - 4. Determine z(-88).
-4
Let f(i) = i**3 - 19*i**2 + 103*i - 470. What is f(14)?
-8
Let z(s) = -s**2 - 30*s + 103. What is z(3)?
4
Let y(a) = -526*a + 6299. Determine y(12).
-13
Let y(d) = -6*d**2 + 33*d + 9. Give y(6).
-9
Let i(x) = x - 16. Calculate i(17).
1
Let a(u) = 20*u**2 - 257*u - 54. Determine a(13).
-15
Let l(x) = -29*x + 3357. Determine l(116).
-7
Let f(z) = 11*z**2 + 4*z + 51. What is f(0)?
51
Let a(k) = k**3 - 35*k**2 + 129*k - 172. Calculate a(31).
-17
Let l(o) = -o**3 + 3*o**2 + 30*o + 22. Determine l(-3).
-14
Let m(q) = 3*q**2 + 17*q - 27. Calculate m(18).
1251
Let p(b) = -45*b + 76. Give p(9).
-329
Let n(p) = -5*p**2 + 48*p + 945. Determine n(21).
-252
Let n(h) = -7*h**2 - 68*h + 8. Give n(-4).
168
Let s(u) = -u**3 - 43*u**2 - 39*u + 51. What is s(-42)?
-75
Let m(c) = -c**3 - 72*c**2 - 65*c + 436. Give m(-71).
10
Let w(t) = -2*t**2 - 49*t - 132. Calculate w(-3).
-3
Let h(p) = -12*p**2 + 1896*p - 19. What is h(158)?
-19
Let a(u) = 84*u - 1224. Determine a(15).
36
Let g(v) = -34*v - 1724. Give g(-53).
78
Let n(x) = -463*x**3 - 3*x**2 + 13*x - 9. Calculate n(1).
-462
Let i(q) = -2866*q - 123232. Determine i(-43).
6
Let v(y) = y**3 + 273*y**2 + 297*y + 6799. Calculate v(-272).
-1
Let g(v) = v**2 - 29*v + 71. Give g(27).
17
Let b(p) = p**3 - 4*p**2 - 130*p + 631. What is b(5)?
6
Let y(x) = -x - 167. Calculate y(-68).
-99
Let u(j) = -j**3 - 71*j**2 - 58*j - 41. What is u(-70)?
-881
Let v(k) = k**3 - 65*k**2 + 186*k + 1. Determine v(3).
1
Let t(r) = 31*r**2 + 182*r - 16. Calculate t(-6).
8
Let r(h) = -20*h**3 + 155*h**2 + 40*h + 5. What is r(8)?
5
Let q(k) = 6*k**2 + 12*k + 35. Give q(-5).
125
Let c(t) = -t**3 - 7*t**2 + 139*t + 311. Calculate c(10).
1
Let a(n) = 575*n - 18963. Give a(33).
12
Let r(o) = 44*o + 199. Give r(-5).
-21
Let u(o) = -26*o - 40. Calculate u(2).
-92
Let o(v) = -2*v**3 - 115*v**2 + 79*v + 1226. Calculate o(-58).
8
Let g(m) = -1149*m - 32177. Calculate g(-28).
-5
Let s(b) = 632*b - 4364. Calculate s(7).
60
Let v(k) = 69*k**2 + 24*k - 25. Give v(1).
68
Let h(b) = b**2 - 141*b - 2166. What is h(155)?
4
Let s(u) = u**3 - 193*u**2 + 7148*u + 112. Calculate s(50).
12
Let m(s) = 3*s**2 + 20*s - 22. Determine m(1).
1
Let a(b) = b**2 + 1365*b - 9599. What is a(7)?
5
Let o(z) = 146*z - 339. Determine o(3).
99
Let a(i) = -i**3 + 5*i - 8. Give a(-2).
-10
Let r(z) = -50*z - 1746. What is r(-35)?
4
Let z(p) = 57*p - 3192. Determine z(56).
0
Let t(y) = -7*y - 105. Determine t(-14).
-7
Let h(k) = -k**3 - 16*k**2 + 74*k + 862. Calculate h(-17).
-107
Let g(p) = -p**3 - p**2 - 59*p - 201. What is g(-3)?
-6
Let k(b) = 14*b**3 - 2*b**2 + 8*b + 2. Calculate k(2).
122
Let h(z) = 3*z**2 - 31*z. Determine h(6).
-78
Let w(v) = 3*v**2 + 336*v + 2198. Give w(-7).
-7
Let m(y) = y**2 + 18*y - 1204. What is m(-45)?
11
Let f(q) = 31*q - 46. Determine f(4).
78
Let m(r) = 2*r**2 + 69*r - 141. Calculate m(-34).
-175
Let s(w) = 